51431 prime?
False
Is 115033 a prime number?
False
Is 6387 a composite number?
True
Is 124697 prime?
False
Is 6331 a prime number?
False
Is 1061015 a composite number?
True
Is 8673499 a composite number?
False
Is 87319 a composite number?
True
Is 442061 a prime number?
True
Is 529 a composite number?
True
Is 260511 a composite number?
True
Is 51751 prime?
False
Is 22513 a prime number?
False
Is 5683 a prime number?
True
Is 2503 a prime number?
True
Is 128789 a composite number?
True
Is 1709 prime?
True
Is 114839 a prime number?
False
Is 126515 a prime number?
False
Is 832829 prime?
False
Is 178889 composite?
False
Is 89753 prime?
True
Is 3587 composite?
True
Is 135233 a composite number?
True
Is 498857 prime?
True
Is 62691 a composite number?
True
Is 295513 composite?
False
Is 170341 a prime number?
True
Is 568039 a prime number?
False
Is 1465943 prime?
True
Is 647 a prime number?
True
Is 75877 a prime number?
False
Is 5729 composite?
True
Is 9041 prime?
True
Is 42487 a prime number?
True
Is 85081 composite?
False
Is 1678569 composite?
True
Is 36251 a composite number?
False
Is 2203 prime?
True
Is 338597 a composite number?
True
Is 233489 a composite number?
False
Is 100103 a prime number?
True
Is 22229 prime?
True
Is 11341 prime?
False
Is 160059 prime?
False
Is 382315 composite?
True
Is 3691 a composite number?
False
Is 70249 composite?
False
Is 5878 a composite number?
True
Is 27479 a prime number?
True
Is 331913 prime?
False
Is 308741 a prime number?
False
Is 152879 a composite number?
False
Is 492551 a prime number?
True
Is 4741 composite?
True
Is 291269 prime?
False
Is 60499 composite?
True
Is 393257 prime?
True
Is 13681 composite?
False
Is 9371 a prime number?
True
Is 316077 a composite number?
True
Is 90271 prime?
True
Is 44351 composite?
False
Is 26927 prime?
True
Is 4637 a prime number?
True
Is 112061 prime?
True
Is 4091 prime?
True
Is 712043 a composite number?
True
Is 114439 a composite number?
True
Is 89801 prime?
False
Is 5627 composite?
True
Is 11957 prime?
False
Is 140003 a prime number?
False
Is 12451 composite?
False
Is 2833 composite?
False
Is 616307 composite?
False
Is 8263 a prime number?
True
Is 9619 a composite number?
False
Is 9967 composite?
False
Is 27397 composite?
False
Is 497 a prime number?
False
Is 1112101 composite?
True
Is 2423209 prime?
True
Is 533 a composite number?
True
Is 585493 composite?
False
Is 475997 a composite number?
False
Is 6997 a prime number?
True
Is 13117 composite?
True
Is 762187 prime?
True
Is 10007 a composite number?
False
Is 878297 a prime number?
False
Is 155913 a composite number?
True
Is 14591 a prime number?
True
Is 141779 a prime number?
False
Is 3538859 prime?
True
Is 26889 a prime number?
False
Is 187211 prime?
True
Is 62383 prime?
True
Is 41333 a prime number?
True
Is 152671 a composite number?
False
Is 16729 a prime number?
True
Is 11969 composite?
False
Is 9677 a composite number?
False
Is 535099 composite?
False
Is 160697 a prime number?
True
Is 154709 composite?
True
Is 132811 a composite number?
True
Is 62683 composite?
False
Is 23459 prime?
True
Is 10289 composite?
False
Is 9097 a prime number?
False
Is 74033 composite?
True
Is 30949 prime?
True
Is 54559 a prime number?
True
Is 334259 composite?
True
Is 104453 a composite number?
True
Is 223855 a composite number?
True
Is 2392961 a prime number?
True
Is 38401 a composite number?
True
Is 48782 composite?
True
Is 847167 a composite number?
True
Is 80062 a prime number?
False
Is 109243 composite?
True
Is 4854989 prime?
True
Is 1151287 a composite number?
False
Is 517939 composite?
True
Is 13751 a composite number?
False
Is 20593 a prime number?
True
Is 9739 a prime number?
True
Is 7859 prime?
False
Is 165101 composite?
True
Is 3474763 a composite number?
False
Is 34679 composite?
False
Is 155174 a composite number?
True
Is 757033 prime?
False
Is 1425283 a composite number?
True
Is 15967 a composite number?
True
Is 262027 prime?
True
Is 155053 prime?
False
Is 149 a prime number?
True
Is 95383 a composite number?
False
Is 79 composite?
False
Is 136553 a prime number?
False
Is 3791 a composite number?
True
Is 59089 prime?
False
Is 140143 a composite number?
False
Is 101551 a composite number?
True
Is 10391 a prime number?
True
Is 2423339 prime?
True
Is 10391 composite?
False
Is 6113 a composite number?
False
Is 515507 composite?
False
Is 61106 composite?
True
Is 138707 prime?
False
Is 160141 prime?
True
Is 539547 prime?
False
Is 410551 prime?
True
Is 919 prime?
True
Is 16729 a prime number?
True
Is 6773 prime?
False
Is 274 a prime number?
False
Is 23183 a composite number?
True
Is 31667 a composite number?
False
Is 75289 a composite number?
False
Is 351409 a prime number?
False
Is 2813 composite?
True
Is 3359 prime?
True
Is 165197 a composite number?
True
Is 54647 a composite number?
False
Is 7471 prime?
False
Is 55957 composite?
True
Is 81599 a composite number?
True
Is 49431 a composite number?
True
Is 10811 composite?
True
Is 88883 prime?
True
Is 20789 a prime number?
True
Is 98695 a composite number?
True
Is 9127 composite?
False
Is 99503 a composite number?
True
Is 1511 a prime number?
True
Is 469 a composite number?
True
Is 368899 prime?
True
Is 67 composite?
False
Is 18787 a composite number?
False
Is 363941 prime?
True
Is 51329 prime?
True
Is 1073 composite?
True
Is 468857 a prime number?
False
Is 71417 a prime number?
False
Is 1377397 composite?
True
Is 23813 a prime number?
True
Is 284839 a prime number?
True
Is 234749 a prime number?
True
Is 2007851 prime?
True
Is 2039 a composite number?
False
Is 486527 composite?
False
Is 21477 a composite number?
True
Is 198523 composite?
True
Is 3787 a prime number?
False
Is 3161 a prime number?
False
Is 1733 a prime number?
True
Is 611261 a composite number?
True
Is 24317 a prime number?
True
Is 117161 composite?
True
Is 27977 prime?
False
Is 1655 a composite number?
True
Is 37043 prime?
False
Is 441089 composite?
True
Is 31139 prime?
True
Is 14917 prime?
False
Is 141391 composite?
True
Is 99861 a prime number?
False
Is 381361 prime?
False
Is 2099 prime?
True
Is 38953 a prime number?
True
Is 59093 prime?
True
Is 2319 a composite number?
True
Is 2443 a prime number?
False
Is 5905 a composite number?
True
Is 16519 composite?
False
Is 115537 a composite number?
True
Is 1518427 prime?
True
Is 72139 a composite number?
False
Is 3833 prime?
True
Is 242211 a prime number?
False
Is 6733 a composite number?
False
Is 112831 a prime number?
True
Is 143873 composite?
False
Is 5794457 composite?
False
Is 142949 a prime number?
True
Is 10289 composite?
False
Is 290441 a composite number?
False
Is 1075615 prime?
False
Is 12013 a composite number?
True
Is 334921 composite?
True
Is 120307 prime?
False
Is 258526 a composite number?
True
Is 18301 a prime number?
True
Is 2053 composite?
False
Is 1075307 a composite number?
True
Is 122911 a composite number?
True
Is 466097 prime?
False
Is 68833 a composite number?
True
Is 12839 composite?
True
Is 2843 prime?
True
Is 2079899 a composite number?
True
Is 249497 a prime number?
True
Is 99277 prime?
True
Is 293 prime?
True
Is 49391 prime?
True
Is 6049 a composite number?
True
Is 305867 a composite number?
False
Is 34253 a prime number?
True
Is 200513 prime?
True
Is 3593 a composite number?
False
Is 17079 a composite number?
True
Is 2336309 a composite number?
False
Is 223207 a prime number?
True
Is 43427 prime?
True
Is 35311 a composite number?
False
Is 1029557 composite?
True
Is 24653 a composite number?
True
Is 48947 a prime number?
True
Is 146719 composite?
False
Is 10831 composite?
False
Is 13153 a prime number?
False
Is 2119 prime?
False
Is 13495 a prime number?
False
Is 245607 a composite number?
True
Is 214417 a composite number?
True
Is 1133213 a composite number?
True
Is 14951 a prime number?
True
Is 1399 composite?
False
Is 85321 composite?
True
Is 56365 a prime number?
False
Is 18629 prime?
False
Is 27961 a composite number?
False
Is 5310311 a composite number?
False
Is 3389 a composite number?
False
Is 7853 a composite number?
False
Is 108127 a composite number?
False
Is 42587 composite?
True
Is 71465 a composite number?
True
Is 37781 prime?
True
Is 943 composite?
True
Is 2581 composite?
True
Is 13001 composite?
False
Is 45743 a composite nu